ulate the highest common factor of 129738 and 126.
42
What is the highest common divisor of 42231 and 210?
21
What is the highest common factor of 386079 and 1?
1
Calculate the highest common factor of 20 and 2662.
2
Calculate the greatest common factor of 154625 and 125.
125
Calculate the highest common factor of 1036 and 6071996.
1036
Calculate the highest common divisor of 290760 and 15.
15
Calculate the highest common factor of 267 and 1316577.
267
What is the greatest common factor of 85992 and 12?
12
Calculate the greatest common divisor of 1443 and 4758.
39
Calculate the highest common divisor of 650 and 29770.
130
Calculate the greatest common divisor of 6862100 and 560.
140
Calculate the greatest common divisor of 92 and 61732.
92
What is the greatest common divisor of 56920 and 40?
40
What is the highest common divisor of 1683 and 9669?
33
Calculate the greatest common factor of 141 and 380888.
47
What is the highest common divisor of 7005 and 60?
15
Calculate the highest common factor of 148 and 41212.
4
What is the highest common factor of 22 and 1439834?
22
Calculate the highest common divisor of 836 and 10108.
76
Calculate the greatest common factor of 3 and 30675.
3
What is the highest common factor of 543 and 2693099?
181
Calculate the greatest common factor of 1854 and 522.
18
What is the greatest common factor of 221342 and 22?
22
What is the highest common factor of 1231588 and 564?
188
What is the greatest common divisor of 390 and 874887?
39
Calculate the greatest common factor of 938 and 1106.
14
What is the highest common divisor of 165 and 499895?
55
What is the highest common divisor of 180 and 53180?
20
Calculate the greatest common factor of 2038760 and 40.
40
What is the greatest common divisor of 133390 and 10?
10
What is the highest common factor of 336 and 32151?
21
Calculate the highest common divisor of 8164 and 52.
52
What is the greatest common factor of 195 and 6440?
5
Calculate the greatest common factor of 513 and 2252697.
57
What is the greatest common divisor of 986800 and 50?
50
Calculate the highest common divisor of 57721 and 985.
197
Calculate the highest common factor of 387 and 3848973.
129
Calculate the highest common divisor of 1496 and 1686366.
374
What is the greatest common factor of 1635 and 460?
5
Calculate the highest common factor of 10152 and 1248.
24
Calculate the greatest common factor of 9 and 35667.
9
What is the greatest common divisor of 2158 and 6305?
13
What is the greatest common factor of 8235 and 111081?
183
What is the highest common divisor of 352 and 27632?
176
Calculate the greatest common factor of 228711 and 231.
21
What is the highest common factor of 173875 and 1070?
535
Calculate the greatest common divisor of 893 and 1843.
19
What is the greatest common factor of 7680 and 484608?
768
What is the highest common factor of 2756 and 23956?
212
What is the greatest common divisor of 244433 and 14?
7
Calculate the greatest common divisor of 1240 and 20584.
248
What is the highest common factor of 925 and 1533650?
925
What is the highest common factor of 4642 and 737?
11
Calculate the highest common divisor of 63645 and 2040.
15
What is the greatest common factor of 9700 and 1850?
50
What is the highest common factor of 576 and 64?
64
Calculate the greatest common factor of 2 and 401868.
2
What is the greatest common factor of 25049 and 592?
37
What is the greatest common factor of 1376707 and 365?
73
Calculate the highest common divisor of 28436 and 16.
4
Calculate the greatest common divisor of 267085 and 9555.
455
Calculate the highest common factor of 253 and 201641.
253
Calculate the greatest common divisor of 619320 and 20.
20
Calculate the highest common factor of 1197 and 4293.
9
Calculate the greatest common factor of 207542 and 82.
82
Calculate the greatest common divisor of 796 and 1288.
4
Calculate the highest common factor of 40 and 25170.
10
Calculate the highest common factor of 1152 and 144384.
384
What is the greatest common divisor of 2432206 and 14?
14
Calculate the highest common factor of 2650 and 47925.
25
What is the highest common factor of 99 and 7711?
11
Calculate the greatest common divisor of 234 and 8406.
18
Calculate the greatest common divisor of 966 and 430675.
161
Calculate the highest common factor of 6957 and 360.
9
Calculate the greatest common divisor of 230 and 759.
23
What is the greatest common divisor of 9506 and 23128?
98
Calculate the highest common divisor of 470 and 3083200.
470
What is the greatest common factor of 1640410 and 2870?
410
What is the greatest common factor of 12771 and 35948?
473
Calculate the highest common factor of 90360 and 6840.
360
Calculate the greatest common divisor of 61131 and 294.
21
What is the greatest common factor of 50874 and 2?
2
Calculate the greatest common factor of 1331850 and 156.
78
Calculate the greatest common factor of 4956 and 41412.
84
What is the highest common factor of 104 and 9224?
8
Calculate the greatest common factor of 52514 and 16926.
434
Calculate the greatest common factor of 90 and 474930.
90
Calculate the greatest common factor of 5100013 and 167.
167
What is the highest common divisor of 5365 and 899?
29
Calculate the highest common factor of 9228 and 84.
12
Calculate the highest common factor of 15 and 14220.
15
What is the greatest common divisor of 6050 and 517550?
550
What is the highest common divisor of 1029288 and 104?
104
Calculate the highest common factor of 782 and 32402.
34
What is the greatest common divisor of 259739 and 92?
23
What is the highest common factor of 633921 and 111?
111
What is the greatest common factor of 657 and 851034?
219
What is the greatest common divisor of 61596 and 36?
36
Calculate the greatest common divisor of 760 and 14920.
40
Calculate the highest common factor of 1025 and 656.
41
What is the greatest common factor of 670 and 47972?
134
Calculate the highest common factor of 740 and 1040.
20
What is the highest common divisor of 32 and 231032?
8
What is the highest common factor of 60 and 1733730?
30
What is the highest common divisor of 54230 and 150?
10
Calculate the highest common divisor of 349 and 5779789.
349
What is the highest common divisor of 129 and 247207?
43
Calculate the greatest common factor of 48 and 114216.
24
What is the greatest common factor of 190 and 2641?
19
Calculate the highest common divisor of 1430 and 4381.
13
Calculate the highest common factor of 408 and 705704.
136
What is the highest common factor of 22750 and 962?
26
Calculate the highest common factor of 166 and 227254.
166
Calculate the greatest common factor of 34056 and 660.
132
What is the highest common divisor of 473046 and 441?
147
Calculate the greatest common factor of 4447619 and 473.
473
Calculate the greatest common factor of 26846 and 837.
31
What is the highest common divisor of 54 and 48618?
18
Calculate the greatest common divisor of 19074 and 24618.
66
What is the greatest common divisor of 30890 and 45?
5
Calculate the greatest common divisor of 204 and 2430.
6
What is the highest common factor of 60 and 208?
4
Calculate the greatest common factor of 33 and 68336.
1
Calculate the greatest common factor of 8769 and 237.
237
What is the highest common factor of 35585 and 220?
55
What is the greatest common divisor of 400 and 1065800?
200
Calculate the highest common divisor of 384 and 896640.
384
What is the highest common factor of 1017 and 160008?
339
Calculate the greatest common factor of 6328 and 1652.
28
What is the greatest common factor of 906 and 810?
6
What is the greatest common factor of 6577722 and 58?
58
Calculate the greatest common divisor of 5151759 and 636.
159
Calculate the highest common factor of 597 and 1988607.
597
Calculate the highest common factor of 32724 and 12.
12
What is the greatest common divisor of 2566875 and 925?
925
Calculate the highest common factor of 10353 and 16037.
203
Calculate the greatest common divisor of 77256 and 58.
58
Calculate the greatest common divisor of 71128 and 102.
34
Calculate the greatest common factor of 46 and 414322.
46
Calculate the highest common factor of 3954 and 516.
6
Calculate the greatest common divisor of 73815 and 285.
285
What is the highest common facto